 - 4)*-18. What is the greatest common divisor of 3 and u?
3
Suppose -5*t + 93 = 3*z - 0*z, -86 = -5*t + 4*z. Calculate the greatest common divisor of 234 and t.
18
Let f = -3 - -9. Calculate the greatest common factor of 9 and f.
3
Suppose 11*m - 540 = 2*m. Calculate the greatest common factor of 12 and m.
12
Let m be ((-153)/(-6))/((-9)/48). Let q = m + 227. Calculate the greatest common divisor of q and 13.
13
Let h be (-14)/(-5) + 4/20. Suppose -h*g + 60 = 2*g. Suppose i - 4*s - 22 + 2 = 0, 0 = -2*i - 4*s + 4. Calculate the highest common factor of g and i.
4
Suppose 2*h + 70 = 9*h. Calculate the highest common factor of 50 and h.
10
Suppose 4*x - 2*f - 6 = 4, -3*f = 2*x + 7. Suppose 2*q - 3 = 1. Suppose d + m + q = 8, 0 = -2*d - 5*m + 18. Calculate the greatest common factor of d and x.
1
Suppose 1 = p - 1. Suppose 4*b + 19 = q, 5*q + b = p*b + 57. Calculate the greatest common factor of q and 44.
11
Suppose 6*u + 43 = 55. What is the highest common factor of u and 1?
1
Let h(w) = -3*w - 18. Suppose -2*z - 63 = 4*g + z, 61 = -3*g - 5*z. Let a be h(g). What is the greatest common factor of a and 45?
9
Let m(p) = p**3 - 4*p - 3. Let r be m(4). Suppose 0 = -3*q - 5*z + r, 2*q - 7*q + 56 = 2*z. Let s = -23 + 53. What is the highest common divisor of s and q?
10
Let p = -6 - -9. Suppose -4*s = -3*z - 14 + 2, -p*z - 3*s + 9 = 0. Suppose z = 3*o - 5*o + 20. What is the greatest common divisor of 20 and o?
10
Let j be 27 - (-4 - 1 - -2). Let k be (5 + (0 - -1))*j. Let m(h) = h + 20. Let t be m(0). What is the highest common factor of k and t?
20
Let u be (1 - 0)*40/2. What is the highest common divisor of u and 10?
10
Let v = 203 - 197. Calculate the greatest common factor of 6 and v.
6
Suppose 32*c - 28*c - 88 = 0. What is the highest common divisor of 2 and c?
2
Suppose 4*z - 3*o + 15 = -0*o, -z + 2*o - 10 = 0. Suppose 4*g + z*g - 28 = 0. What is the greatest common factor of g and 42?
7
Let s be 3/(54/182 - 6/39). Calculate the highest common divisor of s and 168.
21
Suppose -2*w = -4*w + 30. Calculate the highest common divisor of 10 and w.
5
Suppose 5*k + 33 - 3 = 0. Let m = k + 9. Suppose 3*w - 13 = -4*h, 0 = 4*w + m*h - 9 - 6. Calculate the greatest common factor of 24 and w.
3
Let s(r) = 7*r**3 - 1 - 6*r**3 + 0*r + 6*r**2 + 2*r. Suppose 0*y = -3*y + 5*l + 5, y + 17 = -3*l. Let v be s(y). What is the highest common factor of 98 and v?
14
Let a = 28 - 24. What is the greatest common divisor of 6 and a?
2
Let p(c) = c**2 - 7*c + 15. Let z be p(9). What is the highest common divisor of 11 and z?
11
Let q(k) = 33*k - 6. Let j be q(4). What is the greatest common factor of 7 and j?
7
Let h be 21 - 0/(4/(-2)). Let j be 0 + 0 - (-2 - 1). Suppose y - 12 = -j*y. Calculate the highest common factor of h and y.
3
Suppose 2*r + 36 = -14. Let u = 27 + r. What is the greatest common divisor of u and 14?
2
Let d(j) = -j + 1. Let z be d(-3). Suppose 2*f - 84 = z*f. Let b = f - -66. Calculate the greatest common factor of b and 16.
8
Suppose 1399 = 3*o + 4*l, o - 458 = -2*l - l. What is the highest common divisor of 43 and o?
43
Let r(f) = -f**2 + 16*f + 5. Let y be r(15). What is the greatest common divisor of y and 30?
10
Let h(y) = -6*y + 9. Let s be h(7). Suppose 5*f = 5*u + 387 - 7, 0 = -2*u - 6. Let p = s + f. Calculate the greatest common divisor of p and 5.
5
Let j be -2*30/(-2) + -2. Suppose 0*k + 5024 = -4*k. Let i be k/(-18) + (-8)/(-36). What is the highest common factor of j and i?
14
Suppose 2*i + 3*i - 10 = 0, -5*j = 5*i + 155. Let l be (-6)/j - 84/(-22). What is the greatest common factor of l and 44?
4
Let t = -101 + 130. Calculate the greatest common factor of 87 and t.
29
Let x(z) = z**3 + 3*z - 4. Let p be x(4). Calculate the highest common factor of p and 4.
4
Let c = -84 - -100. Calculate the highest common divisor of c and 32.
16
Let p(v) = -v**2 - 21*v - 41. Let q be p(-17). Let x = q + -11. Let z be (-2)/(-8) + 7/4. What is the highest common factor of z and x?
2
Suppose -2*s - 3*b - 18 + 15 = 0, -4*b - 14 = s. Let x be (4/(-6))/(1/(-72)). Calculate the greatest common factor of s and x.
6
Suppose 2 - 32 = -5*t. Calculate the greatest common divisor of t and 24.
6
Let x(v) = 2*v + 16. Let o be x(6). What is the highest common factor of 224 and o?
28
Suppose 0 = 4*u + 479 - 15. Let t(q) = 22*q - 2. Let m be t(-3). Let v = m - u. What is the highest common divisor of 12 and v?
12
Let z be 12*((-9)/6)/(-3). What is the highest common divisor of z and 6?
6
Let t(j) = -4*j**2 - 2*j + 2. Let p be t(-2). Let u = p + 17. What is the highest common divisor of u and 63?
7
Let q(y) = 4*y - 1. Let t be q(8). Let u = t - 22. Suppose 0 = 2*a - 9 - u. Calculate the highest common divisor of 81 and a.
9
Let i be 18 - (-7)/((-28)/8). Let m = -10 + i. What is the greatest common divisor of m and 66?
6
Suppose 0 = -2*j + 4*q + 40, 3*j + q - 6*q = 60. Suppose -5*d + 145 - 55 = 0. Let x = d - -12. Calculate the greatest common divisor of j and x.
10
Suppose -2*c + 5*c = 75. What is the highest common divisor of c and 200?
25
Suppose a - 4*u + 0 = 6, -5*u = 0. Let c = -5 + 7. Let h be (0 - c)*-1 - -10. Calculate the greatest common divisor of a and h.
6
Let v = -209 + 389. Suppose k + 5*a = 22, -4*k + 0*k + 3*a + v = 0. Calculate the greatest common divisor of 14 and k.
14
Let r be 5*(32/5)/(-4). Let j = r - -9. Calculate the greatest common factor of 8 and j.
1
Let c(y) = y**2 - 5*y - 2. Let d be c(7). Suppose 5*x = 2*x + d. Let l = 1 + 1. What is the greatest common divisor of x and l?
2
Let q = -17 - -28. What is the highest common divisor of q and 99?
11
Suppose -7*p - 4*p = -88. Let q be -8*(2 - 7/2). Calculate the greatest common factor of p and q.
4
Let g be ((-2)/(-4))/(11/242). Suppose -5*t = -3*c - 617, c + 246 = 2*t - 0*t. What is the highest common factor of g and t?
11
Suppose -4*f - 304 = -5*f. Suppose f + 96 = 5*d. What is the greatest common factor of 16 and d?
16
Suppose 0 = 2*w - 7*w + 2*c + 5, -3 = 4*w - 3*c. Let h be ((-1)/(-1) - 0) + 5. What is the greatest common factor of h and w?
3
Let b(j) be the third derivative of j**6/120 + j**5/10 + j**4/4 + 2*j**3/3 - 3*j**2. Let n be b(-4). What is the highest common divisor of 96 and n?
12
Let v(b) = -4*b + 28. Let l be v(6). Suppose -4*j + 5*j - 4 = 0. Let t = 10 - j. What is the highest common divisor of t and l?
2
Suppose -2*a + 1 = 3. Let u be (0/a + 0)*-1. Let x = u - -3. Calculate the greatest common factor of 21 and x.
3
Suppose 0 = p + 5*l - 2, 0*p = -5*p + l + 140. Let k(a) = a**2 - 3*a - 10. Let w be k(-4). Calculate the highest common divisor of w and p.
9
Let w be (-15)/(-6)*6/5. Suppose -5*m = w*l - 303, 0 = 5*l + m - 3*m - 505. Suppose 3*d + 0 = 3, 5*z - l = 4*d. What is the highest common divisor of z and 7?
7
Let w(j) = j**3 + 2*j**2 - j - 3. Let u be w(2). Let k(x) = 17*x - 9. Let a be k(7). Calculate the greatest common factor of u and a.
11
Let x be -33*(-3)/((-9)/(-16)). What is the highest common divisor of 16 and x?
16
Let t be ((-6)/4)/(8/(-96)). Suppose 12 = n - t. Calculate the highest common factor of n and 20.
10
Let p = -27 + 45. Let j be -1 + -1 + p + -2. Calculate the greatest common divisor of 21 and j.
7
Let k = -25 + 39. What is the greatest common divisor of k and 98?
14
Let n be 2 + (1 + -1 - 2). Let w(h) be the first derivative of -h**3/3 - h**2/2 + 12*h - 1. Let v be w(n). Calculate the greatest common divisor of 3 and v.
3
Suppose 5*y - 11 = d + 1, -15 = -4*d - y. Let u be -3*(7/d - 2). Let a be u - ((-4 - 1) + -2). Calculate the greatest common divisor of 3 and a.
3
Suppose 3*k = -15 + 75. Suppose -3*v - 2*v + k = 0. Suppose -2*s + 44 = v*o, 0 = 3*s - o - 40 - 47. What is the highest common divisor of 4 and s?
4
Let t = -10 + 7. Let k be (0 - t)*(8 + -3). Let g be 18/(-1 + (-34)/(-30)). What is the highest common factor of g and k?
15
Suppose 0 = 5*x - 0*x. Suppose -2 = -c - x*c. Let j be 1*3/c*10. What is the greatest common divisor of 10 and j?
5
Let p be 111*((-12)/(-9) - 1). Suppose r = -9 + p. Calculate the highest common factor of r and 7.
7
Let s(j) = j**3 - 7*j**2 + 4*j + 2. Let q be s(7). Calculate the greatest common divisor of 20 and q.
10
Let h(b) = b**3 - 3*b**2 - 6*b. Let d be h(5). Let f(c) = -c**2 + 25*c - 104. Let w be f(14). Wh